{"id":1255,"date":"2024-05-29T13:35:50","date_gmt":"2024-05-29T13:35:50","guid":{"rendered":"https:\/\/www.avanti.swiss\/interview\/karriere-im-gastgewerbe\/"},"modified":"2025-05-26T08:59:15","modified_gmt":"2025-05-26T08:59:15","slug":"da-lavapiatti-a-signore-del-castello","status":"publish","type":"interview","link":"https:\/\/www.avanti.swiss\/it\/interview\/da-lavapiatti-a-signore-del-castello\/","title":{"rendered":"Da lavapiatti a signore del castello"},"content":{"rendered":"<section class=\"block block-article-hero gutters \" >\n    <div class=\"container\">\n        <div class=\"wrap\">\n                        <h1 class=\"title\">Da lavapiatti a signore del castello<\/h1>\n            <div class=\"description\">\n                <p>Iniziare come lavapiatti senza alcuna conoscenza di tedesco, lavorare come cameriere e assolvere un apprendistato di cuoco a 35 anni? Si pu\u00f2 fare. Nell\u2019albergheria-ristorazione tutto \u00e8 possibile, anche andare oltre: da dieci anni Adem \u00d6z\u00fct\u00fcrk \u00e8 gerente e capo cuoco della Wirtschaft zum Schl\u00f6ssli a Haggen, vicino a San Gallo.<\/p>\n            <\/div>\n            <div class=\"row\">\n                <div class=\"col-6 date\">\n                    Corinne Nusskern, GastroJournal                <\/div>\n                <div class=\"col-6 contacts\">\n                                                                                                        <a href=\"https:\/\/linkedin\" >\n                                                                    <\/a>\n                                                                                                                <a href=\"https:\/\/wa.me\/1234567890\" target=\"_blank\" rel=\"noopener\">\n                                                                    <\/a>\n                                                                                                                <a href=\"mailto:test@gmail.com\" >\n                                                                    <\/a>\n                                                                                        <\/div>\n            <\/div>\n        <\/div>\n    <\/div>\n<\/section>\n\n<section class=\"block block-slick-gallery \">\n    <div class=\"container gutters\">\n        <div class=\"cards \">\n                            <div class=\"card \">\n                                                                                <img loading=\"lazy\" decoding=\"async\" width=\"1707\" height=\"2560\" src=\"https:\/\/www.avanti.swiss\/wp-content\/uploads\/2024\/07\/Adem-Oezuetuerk_022_20240315-scaled-e1721221282202.jpg\" class=\"attachment-full size-full\" alt=\"\" \/>                                                                                                <h3 class=\"title\">Fonte immagine: GastroJournal<\/h3>\n                                    <\/div>\n                    <\/div>\n    <\/div>\n<\/section>\n\n\n<div class=\"block block-heading gutters\">\n<h2 class=\"wp-block-heading\"><\/h2>\n<\/div>\n\n<div class=\"block block-paragraph gutters\">\n<p>Ecco il segreto di Adem \u00d6z\u00fct\u00fcrk per una carriera di successo nella ristorazione: \u00abLa settimana lavorativa ha cinque giorni. Se ci aggiungi una notte, una buona dose di impegno e tanta passione raggiungi il tuo obiettivo\u00bb.<\/p>\n<\/div>\n\n<div class=\"block block-heading gutters\">\n<h2 class=\"wp-block-heading\">Tartare di melanzane, fegatini di vitello e curry polinesiano<\/h2>\n<\/div>\n\n<div class=\"block block-paragraph gutters\">\n<p>Dal 2024, Adem \u00d6z\u00fct\u00fcrk \u00e8 membro della Gilda svizzera dei ristoratori-cuochi. \u00abPer noi cuochi essere ammessi nella Gilda \u00e8 un importante riconoscimento, per il nostro lavoro e per la passione che ci mettiamo ogni giorno\u00bb. Questa passione si rispecchia nella sua cucina, raffinata, classica e al tempo stesso creativa. Nei piatti che propone si ritrovano influssi mediterranei, turchi e asiatici. La scelta spazia dalla tartare di melanzane con crostini di pane dorato all\u2019insalata sfiziosa con erbette e dressing al melograno, dai piatti tradizionali come i fegatini di vitello accompagnati da r\u00f6sti croccanti, lo stufato di manzo o il capretto, ai curry polinesiani. Adem \u00d6z\u00fct\u00fcrk \u00e8 particolarmente attratto dalla Polinesia. \u00abLa meta del mio prossimo viaggio\u00bb, ci svela con gli occhi che gli brillano.<\/p>\n<\/div>\n\n<div class=\"block block-paragraph gutters\">\n<p>La carta del ristorante cambia almeno quattro volte all\u2019anno. Il men\u00f9 fine dining di sei portate per 109 franchi, invece, viene aggiornato una volta al mese. Il viaggio sensoriale pu\u00f2 iniziare ad esempio da una spuma al lemongrass con capesante, proseguire con petto e fegato d\u2019anatra su hummus al basilico, filetto di branzino con risotto all\u2019arancia e carote o stracotto di guancia di vitello e chiudere in bellezza con una mousse al matcha. Adem \u00d6z\u00fct\u00fcrk cerca ispirazione dentro di s\u00e9. Gli piace mangiare fuori per scoprire le creazioni di altri cuochi. Segue anche le nuove tendenze, quelle ad esempio dei 500 ristoranti migliori al mondo. Prende quello che gli piace e lo reinterpreta impregnandolo del suo stile.<\/p>\n<\/div>\n\n<div class=\"wp-block-image\">\n<figure class=\"aligncenter size-large is-resized\"><img loading=\"lazy\" decoding=\"async\" width=\"683\" height=\"1024\" src=\"https:\/\/wordpress-113628-4585451.cloudwaysapps.com\/wp-content\/uploads\/2024\/07\/Adem-Oezuetuerk_009_20240315-683x1024.jpg\" alt=\"\" class=\"wp-image-835\" style=\"width:515px;height:auto\" srcset=\"https:\/\/www.avanti.swiss\/wp-content\/uploads\/2024\/07\/Adem-Oezuetuerk_009_20240315-683x1024.jpg 683w, https:\/\/www.avanti.swiss\/wp-content\/uploads\/2024\/07\/Adem-Oezuetuerk_009_20240315-200x300.jpg 200w, https:\/\/www.avanti.swiss\/wp-content\/uploads\/2024\/07\/Adem-Oezuetuerk_009_20240315-768x1152.jpg 768w, https:\/\/www.avanti.swiss\/wp-content\/uploads\/2024\/07\/Adem-Oezuetuerk_009_20240315-1024x1536.jpg 1024w, https:\/\/www.avanti.swiss\/wp-content\/uploads\/2024\/07\/Adem-Oezuetuerk_009_20240315-1365x2048.jpg 1365w, https:\/\/www.avanti.swiss\/wp-content\/uploads\/2024\/07\/Adem-Oezuetuerk_009_20240315-scaled.jpg 1707w\" sizes=\"auto, (max-width: 683px) 100vw, 683px\" \/><figcaption class=\"wp-element-caption\">Adem \u00d6z\u00fct\u00fcrk davanti al ristorante Schl\u00f6ssli a Haggen vicino a San Gallo.<\/figcaption><\/figure>\n<\/div>\n\n<div class=\"block block-paragraph gutters\">\n<p>Nel limite del possibile, la cucina prepara tutti i piatti proposti dal ristorante. Tranne la pasta: \u00d6z\u00fct\u00fcrk si procura i ravioli in una piccola manifattura di Berna, mentre i tagliolini sono preparati da due donne italiane che abitano nelle vicinanze. \u00abMa la macchina che usano \u00e8 la mia\u00bb, ammicca \u00d6z\u00fct\u00fcrk. I suoi piatti preferiti? \u00abGhackets mit H\u00f6rnli\u00bb (pasta al rag\u00f9) e \u00abWurstsalat\u00bb (insalata di cervelas) in estate. Ormai vive in Svizzera da molti anni, e ad essersi assimilato non \u00e8 solo il suo palato. Al suo arrivo in Svizzera, negli anni 1980, la situazione era tutt\u2019altra: ha dovuto abituarsi ai piatti svizzeri e le sorprese non sono mancate. \u00abMolta carne, patate in ogni variante immaginabile e poche verdure\u00bb, aggiunge ridendo. \u00abTutte le verdure erano cotte al vapore e sui broccoli c\u2019erano sempre scaglie di mandorle\u00bb.<\/p>\n<\/div>\n\n<div class=\"block block-heading gutters\">\n<h2 class=\"wp-block-heading\">\u00abSiamo al servizio della gente. Non \u00e8 da tutti.\u00bb<\/h2>\n<\/div>\n\n<div class=\"block block-paragraph gutters\">\n<p>Sono gi\u00e0 trascorsi dieci anni da quando ha preso le redini dello Schl\u00f6ssli di Haggen, ma Adem \u00d6z\u00fct\u00fcrk \u00e8 motivato come il primo giorno. Fermarsi non \u00e8 un\u2019opzione. Lavorare su s\u00e9 stessi \u00e8 essenziale, a suo avviso, per crescere professionalmente. \u00abEsercitiamo il nostro mestiere per almeno dieci ore a giorno, quindi tanto vale farlo bene. \u00c8 l\u2019unico modo per trovarvi piacere e far nascere la passione\u00bb, spiega. \u00abLa ristorazione non \u00e8 la scelta giusta per chi vuole un lavoro tranquillo. In tal caso \u00e8 meglio fare l\u2019impiegato in logistica\u00bb. \u00d6z\u00fct\u00fcrk cerca di trasmettere la sua motivazione al personale e di prendersi tempo per gli apprendisti affinch\u00e9 possano trarre profitto dalla sua esperienza. \u00abAll\u2019inizio hanno grandi aspettative e credono che la cucina di un ristorante sia come quella dei talent show che seguono in televisione\u00bb, dice ridendo. \u00abInvece siamo al servizio della gente. Non \u00e8 da tutti. E non ci riesce tutti i giorni\u00bb.<\/p>\n<\/div>\n\n<div class=\"block block-paragraph gutters\">\n<p>Adem \u00d6z\u00fct\u00fcrk \u00e8 convinto che una storia come la sua sia possibile anche ai giorni nostri. \u00abFinch\u00e9 c\u2019\u00e8 la volont\u00e0 e finch\u00e9 c\u2019\u00e8 l\u2019entusiasmo, si pu\u00f2 raggiungere qualsiasi obiettivo. Lui \u00e8 soddisfatto di tutti quelli che ha raggiunto. Sarebbe felice se un giorno i suoi successori potessero apprezzare ci\u00f2 che ha realizzato, e se lui potesse lasciar loro qualcosa. Presumibilmente nel frattempo i suoi genitori hanno accettato la sua scelta professionale e sono orgogliosi di lui: \u00abS\u00ec, oggi sono orgogliosi di me, ma non lo considerano ancora un mestiere\u00bb, afferma sorridendo. \u00abPer loro avere un mestiere significa fare l\u2019avvocato o il medico\u00bb.<\/p>\n<\/div>\n\n<div class=\"block block-paragraph gutters\">\n<p>\u00d6z\u00fct\u00fcrk non ha mai pensato di tornare in Turchia. San Gallo \u00e8 diventata la sua citt\u00e0, e possiede anche il passaporto svizzero. \u00abQuando, dopo le ferie, atterro all\u2019aeroporto di Zurigo, mi lascio Winterthur alle spalle, mi avvicino a Wil e scorgo il S\u00e4ntis, so di essere arrivato a casa\u00bb.<\/p>\n<\/div>\n\n<div class=\"block block-paragraph gutters\">\n<p><em>Fonte: <a href=\"https:\/\/gastrojournal.ch\/home\/gastronomie\/einst-in-der-spuelkueche-heute-im-schloss\" target=\"_blank\" rel=\"noreferrer noopener\">GastroJournal<\/a><\/em><\/p>\n<\/div>\n\n\n<section class=\"block block-interviews  gutters\">\n    <div class=\"container\">\n                    <h2 class=\"title default\">Altre storie che potrebbero interessarti<\/h2>\n                <div class=\"horizontal-scroll-container cards-wrapper\" data-breakpoint=\"767\" data-cardIndex=\"0\">\n                        <div class=\"cards horizontal-scroll\">\n                                    <div class=\"card horizontal-scroll-item\">\n                        <div class=\"image\">\n                            <img loading=\"lazy\" decoding=\"async\" width=\"574\" height=\"439\" src=\"https:\/\/www.avanti.swiss\/wp-content\/uploads\/2024\/05\/4_3.png\" class=\"attachment-large size-large wp-post-image\" alt=\"\" srcset=\"https:\/\/www.avanti.swiss\/wp-content\/uploads\/2024\/05\/4_3.png 574w, https:\/\/www.avanti.swiss\/wp-content\/uploads\/2024\/05\/4_3-300x229.png 300w\" sizes=\"auto, (max-width: 574px) 100vw, 574px\" \/>                                                            <div class=\"interviewee-wrapper\">\n                                    <div class=\"interviewee\">\n                                        <div class=\"name\">Amanda Wassmer-Bulgin<\/div>\n                                                                                    <div class=\"position\">Sommeli\u00e8re, Weindirektorin<\/div>\n                                                                            <\/div>\n                                <\/div>\n                                                    <\/div>\n                        <div class=\"excerpt\">Die Rolle der \u00abworking moms\u00bb im Gastgewerbe<\/div>\n                        \n                        <div class=\"button-wrapper\">                            \n                            <a href=\"https:\/\/www.avanti.swiss\/interview\/working-moms-im-gastgewerbe\/\" class=\"button secondary black-text\"><span><svg width=\"47\" height=\"29\" viewBox=\"0 0 47 29\" fill=\"none\" xmlns=\"http:\/\/www.w3.org\/2000\/svg\">\n<path d=\"M3.5 14.793L43.5 14.793\" stroke=\"#FFED00\" stroke-width=\"6\" stroke-linecap=\"round\" stroke-linejoin=\"round\"\/>\n<path d=\"M32.5 3.79297L43.5 14.793L32.5 25.793\" stroke=\"#FFED00\" stroke-width=\"6\" stroke-linecap=\"round\" stroke-linejoin=\"round\"\/>\n<\/svg>\n<span>Scopri di pi\u00f9<\/span><\/span><\/a>                        <\/div>\n                    <\/div>\n                                    <div class=\"card horizontal-scroll-item\">\n                        <div class=\"image\">\n                            <img loading=\"lazy\" decoding=\"async\" width=\"1024\" height=\"614\" src=\"https:\/\/www.avanti.swiss\/wp-content\/uploads\/2024\/07\/Corin-Schmid_031_20231129_DW_WEB-1024x614.jpg\" class=\"attachment-large size-large wp-post-image\" alt=\"\" srcset=\"https:\/\/www.avanti.swiss\/wp-content\/uploads\/2024\/07\/Corin-Schmid_031_20231129_DW_WEB-1024x614.jpg 1024w, https:\/\/www.avanti.swiss\/wp-content\/uploads\/2024\/07\/Corin-Schmid_031_20231129_DW_WEB-300x180.jpg 300w, https:\/\/www.avanti.swiss\/wp-content\/uploads\/2024\/07\/Corin-Schmid_031_20231129_DW_WEB-768x461.jpg 768w, https:\/\/www.avanti.swiss\/wp-content\/uploads\/2024\/07\/Corin-Schmid_031_20231129_DW_WEB-1536x922.jpg 1536w, https:\/\/www.avanti.swiss\/wp-content\/uploads\/2024\/07\/Corin-Schmid_031_20231129_DW_WEB-2048x1229.jpg 2048w\" sizes=\"auto, (max-width: 1024px) 100vw, 1024px\" \/>                                                            <div class=\"interviewee-wrapper\">\n                                    <div class=\"interviewee\">\n                                        <div class=\"name\">Corin Schmid<\/div>\n                                                                                    <div class=\"position\">K\u00fcchenchefin<\/div>\n                                                                            <\/div>\n                                <\/div>\n                                                    <\/div>\n                        <div class=\"excerpt\">\u00abIch will unsere Handwerkskunst am Leben erhalten.\u00bb<\/div>\n                        \n                        <div class=\"button-wrapper\">                            \n                            <a href=\"https:\/\/www.avanti.swiss\/interview\/ich-will-unsere-handwerkskunst-am-leben-erhalten\/\" class=\"button secondary black-text\"><span><svg width=\"47\" height=\"29\" viewBox=\"0 0 47 29\" fill=\"none\" xmlns=\"http:\/\/www.w3.org\/2000\/svg\">\n<path d=\"M3.5 14.793L43.5 14.793\" stroke=\"#FFED00\" stroke-width=\"6\" stroke-linecap=\"round\" stroke-linejoin=\"round\"\/>\n<path d=\"M32.5 3.79297L43.5 14.793L32.5 25.793\" stroke=\"#FFED00\" stroke-width=\"6\" stroke-linecap=\"round\" stroke-linejoin=\"round\"\/>\n<\/svg>\n<span>Scopri di pi\u00f9<\/span><\/span><\/a>                        <\/div>\n                    <\/div>\n                            <\/div>\n        <\/div>\n    <\/div>\n<\/section>","protected":false},"excerpt":{"rendered":"<p>Da lavapiatti a capo cucina: una carriera nella ristorazione<\/p>\n","protected":false},"featured_media":840,"template":"","class_list":["post-1255","interview","type-interview","status-publish","has-post-thumbnail","hentry"],"acf":[],"_links":{"self":[{"href":"https:\/\/www.avanti.swiss\/it\/wp-json\/wp\/v2\/interview\/1255","targetHints":{"allow":["GET"]}}],"collection":[{"href":"https:\/\/www.avanti.swiss\/it\/wp-json\/wp\/v2\/interview"}],"about":[{"href":"https:\/\/www.avanti.swiss\/it\/wp-json\/wp\/v2\/types\/interview"}],"wp:featuredmedia":[{"embeddable":true,"href":"https:\/\/www.avanti.swiss\/it\/wp-json\/wp\/v2\/media\/840"}],"wp:attachment":[{"href":"https:\/\/www.avanti.swiss\/it\/wp-json\/wp\/v2\/media?parent=1255"}],"curies":[{"name":"wp","href":"https:\/\/api.w.org\/{rel}","templated":true}]}}

<section class="block block-article-hero gutters " >
    <div class="container">
        <div class="wrap">
                        <h1 class="title">Da lavapiatti a signore del castello</h1>
            <div class="description">
                <p>Iniziare come lavapiatti senza alcuna conoscenza di tedesco, lavorare come cameriere e assolvere un apprendistato di cuoco a 35 anni? Si può fare. Nell’albergheria-ristorazione tutto è possibile, anche andare oltre: da dieci anni Adem Özütürk è gerente e capo cuoco della Wirtschaft zum Schlössli a Haggen, vicino a San Gallo.</p>
            </div>
            <div class="row">
                <div class="col-6 date">
                    Corinne Nusskern, GastroJournal                </div>
                <div class="col-6 contacts">
                                                                                                        <a href="https://linkedin" >
                                                                    </a>
                                                                                                                <a href="https://wa.me/1234567890" target="_blank" rel="noopener">
                                                                    </a>
                                                                                                                <a href="mailto:test@gmail.com" >
                                                                    </a>
                                                                                        </div>
            </div>
        </div>
    </div>
</section>

<section class="block block-slick-gallery ">
    <div class="container gutters">
        <div class="cards ">
                            <div class="card ">
                                                                                <img loading="lazy" decoding="async" width="1707" height="2560" src="https://www.avanti.swiss/wp-content/uploads/2024/07/Adem-Oezuetuerk_022_20240315-scaled-e1721221282202.jpg" class="attachment-full size-full" alt="" />                                                                                                <h3 class="title">Fonte immagine: GastroJournal</h3>
                                    </div>
                    </div>
    </div>
</section>


<div class="block block-heading gutters">
<h2 class="wp-block-heading"></h2>
</div>

<div class="block block-paragraph gutters">
<p>Ecco il segreto di Adem Özütürk per una carriera di successo nella ristorazione: «La settimana lavorativa ha cinque giorni. Se ci aggiungi una notte, una buona dose di impegno e tanta passione raggiungi il tuo obiettivo».</p>
</div>

<div class="block block-heading gutters">
<h2 class="wp-block-heading">Tartare di melanzane, fegatini di vitello e curry polinesiano</h2>
</div>

<div class="block block-paragraph gutters">
<p>Dal 2024, Adem Özütürk è membro della Gilda svizzera dei ristoratori-cuochi. «Per noi cuochi essere ammessi nella Gilda è un importante riconoscimento, per il nostro lavoro e per la passione che ci mettiamo ogni giorno». Questa passione si rispecchia nella sua cucina, raffinata, classica e al tempo stesso creativa. Nei piatti che propone si ritrovano influssi mediterranei, turchi e asiatici. La scelta spazia dalla tartare di melanzane con crostini di pane dorato all’insalata sfiziosa con erbette e dressing al melograno, dai piatti tradizionali come i fegatini di vitello accompagnati da rösti croccanti, lo stufato di manzo o il capretto, ai curry polinesiani. Adem Özütürk è particolarmente attratto dalla Polinesia. «La meta del mio prossimo viaggio», ci svela con gli occhi che gli brillano.</p>
</div>

<div class="block block-paragraph gutters">
<p>La carta del ristorante cambia almeno quattro volte all’anno. Il menù fine dining di sei portate per 109 franchi, invece, viene aggiornato una volta al mese. Il viaggio sensoriale può iniziare ad esempio da una spuma al lemongrass con capesante, proseguire con petto e fegato d’anatra su hummus al basilico, filetto di branzino con risotto all’arancia e carote o stracotto di guancia di vitello e chiudere in bellezza con una mousse al matcha. Adem Özütürk cerca ispirazione dentro di sé. Gli piace mangiare fuori per scoprire le creazioni di altri cuochi. Segue anche le nuove tendenze, quelle ad esempio dei 500 ristoranti migliori al mondo. Prende quello che gli piace e lo reinterpreta impregnandolo del suo stile.</p>
</div>

<div class="wp-block-image">
<figure class="aligncenter size-large is-resized"><img loading="lazy" decoding="async" width="683" height="1024" src="https://wordpress-113628-4585451.cloudwaysapps.com/wp-content/uploads/2024/07/Adem-Oezuetuerk_009_20240315-683x1024.jpg" alt="" class="wp-image-835" style="width:515px;height:auto" srcset="https://www.avanti.swiss/wp-content/uploads/2024/07/Adem-Oezuetuerk_009_20240315-683x1024.jpg 683w, https://www.avanti.swiss/wp-content/uploads/2024/07/Adem-Oezuetuerk_009_20240315-200x300.jpg 200w, https://www.avanti.swiss/wp-content/uploads/2024/07/Adem-Oezuetuerk_009_20240315-768x1152.jpg 768w, https://www.avanti.swiss/wp-content/uploads/2024/07/Adem-Oezuetuerk_009_20240315-1024x1536.jpg 1024w, https://www.avanti.swiss/wp-content/uploads/2024/07/Adem-Oezuetuerk_009_20240315-1365x2048.jpg 1365w, https://www.avanti.swiss/wp-content/uploads/2024/07/Adem-Oezuetuerk_009_20240315-scaled.jpg 1707w" sizes="auto, (max-width: 683px) 100vw, 683px" /><figcaption class="wp-element-caption">Adem Özütürk davanti al ristorante Schlössli a Haggen vicino a San Gallo.</figcaption></figure>
</div>

<div class="block block-paragraph gutters">
<p>Nel limite del possibile, la cucina prepara tutti i piatti proposti dal ristorante. Tranne la pasta: Özütürk si procura i ravioli in una piccola manifattura di Berna, mentre i tagliolini sono preparati da due donne italiane che abitano nelle vicinanze. «Ma la macchina che usano è la mia», ammicca Özütürk. I suoi piatti preferiti? «Ghackets mit Hörnli» (pasta al ragù) e «Wurstsalat» (insalata di cervelas) in estate. Ormai vive in Svizzera da molti anni, e ad essersi assimilato non è solo il suo palato. Al suo arrivo in Svizzera, negli anni 1980, la situazione era tutt’altra: ha dovuto abituarsi ai piatti svizzeri e le sorprese non sono mancate. «Molta carne, patate in ogni variante immaginabile e poche verdure», aggiunge ridendo. «Tutte le verdure erano cotte al vapore e sui broccoli c’erano sempre scaglie di mandorle».</p>
</div>

<div class="block block-heading gutters">
<h2 class="wp-block-heading">«Siamo al servizio della gente. Non è da tutti.»</h2>
</div>

<div class="block block-paragraph gutters">
<p>Sono già trascorsi dieci anni da quando ha preso le redini dello Schlössli di Haggen, ma Adem Özütürk è motivato come il primo giorno. Fermarsi non è un’opzione. Lavorare su sé stessi è essenziale, a suo avviso, per crescere professionalmente. «Esercitiamo il nostro mestiere per almeno dieci ore a giorno, quindi tanto vale farlo bene. È l’unico modo per trovarvi piacere e far nascere la passione», spiega. «La ristorazione non è la scelta giusta per chi vuole un lavoro tranquillo. In tal caso è meglio fare l’impiegato in logistica». Özütürk cerca di trasmettere la sua motivazione al personale e di prendersi tempo per gli apprendisti affinché possano trarre profitto dalla sua esperienza. «All’inizio hanno grandi aspettative e credono che la cucina di un ristorante sia come quella dei talent show che seguono in televisione», dice ridendo. «Invece siamo al servizio della gente. Non è da tutti. E non ci riesce tutti i giorni».</p>
</div>

<div class="block block-paragraph gutters">
<p>Adem Özütürk è convinto che una storia come la sua sia possibile anche ai giorni nostri. «Finché c’è la volontà e finché c’è l’entusiasmo, si può raggiungere qualsiasi obiettivo. Lui è soddisfatto di tutti quelli che ha raggiunto. Sarebbe felice se un giorno i suoi successori potessero apprezzare ciò che ha realizzato, e se lui potesse lasciar loro qualcosa. Presumibilmente nel frattempo i suoi genitori hanno accettato la sua scelta professionale e sono orgogliosi di lui: «Sì, oggi sono orgogliosi di me, ma non lo considerano ancora un mestiere», afferma sorridendo. «Per loro avere un mestiere significa fare l’avvocato o il medico».</p>
</div>

<div class="block block-paragraph gutters">
<p>Özütürk non ha mai pensato di tornare in Turchia. San Gallo è diventata la sua città, e possiede anche il passaporto svizzero. «Quando, dopo le ferie, atterro all’aeroporto di Zurigo, mi lascio Winterthur alle spalle, mi avvicino a Wil e scorgo il Säntis, so di essere arrivato a casa».</p>
</div>

<div class="block block-paragraph gutters">
<p><em>Fonte: <a href="https://gastrojournal.ch/home/gastronomie/einst-in-der-spuelkueche-heute-im-schloss" target="_blank" rel="noreferrer noopener">GastroJournal</a></em></p>
</div>


<section class="block block-interviews  gutters">
    <div class="container">
                    <h2 class="title default">Altre storie che potrebbero interessarti</h2>
                <div class="horizontal-scroll-container cards-wrapper" data-breakpoint="767" data-cardIndex="0">
                        <div class="cards horizontal-scroll">
                                    <div class="card horizontal-scroll-item">
                        <div class="image">
                            <img loading="lazy" decoding="async" width="574" height="439" src="https://www.avanti.swiss/wp-content/uploads/2024/05/4_3.png" class="attachment-large size-large wp-post-image" alt="" srcset="https://www.avanti.swiss/wp-content/uploads/2024/05/4_3.png 574w, https://www.avanti.swiss/wp-content/uploads/2024/05/4_3-300x229.png 300w" sizes="auto, (max-width: 574px) 100vw, 574px" />                                                            <div class="interviewee-wrapper">
                                    <div class="interviewee">
                                        <div class="name">Amanda Wassmer-Bulgin</div>
                                                                                    <div class="position">Sommelière, Weindirektorin</div>
                                                                            </div>
                                </div>
                                                    </div>
                        <div class="excerpt">Die Rolle der «working moms» im Gastgewerbe</div>
                        
                        <div class="button-wrapper">                            
                            <a href="https://www.avanti.swiss/interview/working-moms-im-gastgewerbe/" class="button secondary black-text"><span><svg width="47" height="29" viewBox="0 0 47 29" fill="none" xmlns="http://www.w3.org/2000/svg">
<path d="M3.5 14.793L43.5 14.793" stroke="#FFED00" stroke-width="6" stroke-linecap="round" stroke-linejoin="round"/>
<path d="M32.5 3.79297L43.5 14.793L32.5 25.793" stroke="#FFED00" stroke-width="6" stroke-linecap="round" stroke-linejoin="round"/>
</svg>
<span>Scopri di più</span></span></a>                        </div>
                    </div>
                                    <div class="card horizontal-scroll-item">
                        <div class="image">
                            <img loading="lazy" decoding="async" width="1024" height="614" src="https://www.avanti.swiss/wp-content/uploads/2024/07/Corin-Schmid_031_20231129_DW_WEB-1024x614.jpg" class="attachment-large size-large wp-post-image" alt="" srcset="https://www.avanti.swiss/wp-content/uploads/2024/07/Corin-Schmid_031_20231129_DW_WEB-1024x614.jpg 1024w, https://www.avanti.swiss/wp-content/uploads/2024/07/Corin-Schmid_031_20231129_DW_WEB-300x180.jpg 300w, https://www.avanti.swiss/wp-content/uploads/2024/07/Corin-Schmid_031_20231129_DW_WEB-768x461.jpg 768w, https://www.avanti.swiss/wp-content/uploads/2024/07/Corin-Schmid_031_20231129_DW_WEB-1536x922.jpg 1536w, https://www.avanti.swiss/wp-content/uploads/2024/07/Corin-Schmid_031_20231129_DW_WEB-2048x1229.jpg 2048w" sizes="auto, (max-width: 1024px) 100vw, 1024px" />                                                            <div class="interviewee-wrapper">
                                    <div class="interviewee">
                                        <div class="name">Corin Schmid</div>
                                                                                    <div class="position">Küchenchefin</div>
                                                                            </div>
                                </div>
                                                    </div>
                        <div class="excerpt">«Ich will unsere Handwerkskunst am Leben erhalten.»</div>
                        
                        <div class="button-wrapper">                            
                            <a href="https://www.avanti.swiss/interview/ich-will-unsere-handwerkskunst-am-leben-erhalten/" class="button secondary black-text"><span><svg width="47" height="29" viewBox="0 0 47 29" fill="none" xmlns="http://www.w3.org/2000/svg">
<path d="M3.5 14.793L43.5 14.793" stroke="#FFED00" stroke-width="6" stroke-linecap="round" stroke-linejoin="round"/>
<path d="M32.5 3.79297L43.5 14.793L32.5 25.793" stroke="#FFED00" stroke-width="6" stroke-linecap="round" stroke-linejoin="round"/>
</svg>
<span>Scopri di più</span></span></a>                        </div>
                    </div>
                            </div>
        </div>
    </div>
</section>
